{"id":2314,"date":"2019-12-13T19:34:54","date_gmt":"2019-12-13T18:34:54","guid":{"rendered":"http:\/\/cad-deb.com\/new\/?page_id=2314"},"modified":"2025-09-02T21:40:20","modified_gmt":"2025-09-02T19:40:20","slug":"chi-siamo","status":"publish","type":"page","link":"https:\/\/cad-deb.com\/index.php\/chi-siamo\/","title":{"rendered":"CHI SIAMO"},"content":{"rendered":"\n\n\n\n\n\n\n\n<h2 style=\"color: rgb(239, 127, 26);\"><strong>CHI SIAMO<\/strong><\/h2>\n<span style=\"color: rgb(255, 255, 255); font-size: medium;\"><p style=\"text-align: justify;\">Gli <strong>Stage Cad-Deb<\/strong> vedono la luce nel<strong> 2005<\/strong>, trattando inizialmente il tema specifico del <strong>Gioco al Piede<\/strong>. Fino al 2018, si svolgono in Francia a <strong>Manosque<\/strong>, famosa localit\u00e0 della Provenza, mentre dal 2019 ci siamo spostati a <strong>N\u00eemes<\/strong>.<\/p><p style=\"text-align: justify;\">Il crescente successo degli Stage, ci ha spinti a cercare nuove strade e ad aggiungere uno Stage Specifico sulla Mischia, avvalendoci tra l&#8217;altro di consulenze di alto livello.<\/p><p style=\"text-align: justify;\">Nel <strong>2021<\/strong> lo <strong>Stage Cad-Deb<\/strong> \u00e8 arrivato in Italia, a<strong> Lavarone in Trentino<\/strong>. Una prima edizione che, nonostante le problematiche legate al Covid-19, ha avuto un grande successo coinvolgendo un buon numero di stagisti. Da allora l&#8217;esperienza si \u00e8 ripetuta fino ad oggi con ottimi risultati, tali da spingerci ogni anno ad offrire programmi sempre migliori e pi\u00f9 formanti.<br>Oggi gli Stage non si rivolgono pi\u00f9 solamente a chi desidera migliorare la tecnica di gioco al piede ma, pi\u00f9 in generale, sono l&#8217;ideale per chi vuole trascorrere un periodo di allenamento intensivo<strong> focalizzato sullo sviluppo delle skill, sia per i ruoli dei trequarti che per la mischia<\/strong>.<br>L&#8217;aggiunta dello <strong>Speciale KIDS<\/strong> ci permette inoltre di accogliere il desiderio di chi necessita di uno <strong>Stage rivolto alle categorie pi\u00f9 vicine al rugby di base<\/strong>.<br>Nel 2025 abbiamo compiuto 20 anni e abbiamo scoperto che siamo giovanissimi! Abbiamo ancora voglia di metterci in gioco, di&nbsp; diffondere il rugby e di aiutarvi ad iniziare al meglio la vostra stagione sportiva!<br><span style=\"font-weight: bolder;\"><em>Come sempre consigliamo, se parteciperete ai nostri Stage, ricordatevi di mettere in valigia un sorriso e tanta voglia di divertirvi!<\/em><\/span><\/p><\/span>\n\n\n\n\n\n\n<h2><strong style=\"color: rgb(35, 54, 108);\">Il nostro STAFF<\/strong><\/h2>\n<p style=\"color: rgb(35, 54, 108); text-align: center;\"><strong style=\"font-size: large;\">Tecnici e professionisti che ci hanno accompagnato dal 2005 ad oggi &#8230;<\/strong><\/p>\n\n\n\n\n\n\n\n","protected":false},"excerpt":{"rendered":"","protected":false},"author":1,"featured_media":0,"parent":0,"menu_order":0,"comment_status":"closed","ping_status":"closed","template":"","meta":{"pagelayer_contact_templates":[],"_pagelayer_content":"","footnotes":""},"class_list":["post-2314","page","type-page","status-publish","hentry"],"yoast_head":"<!-- This site is optimized with the Yoast SEO plugin v24.2 - https:\/\/yoast.com\/wordpress\/plugins\/seo\/ -->\n<title>CHI SIAMO -<\/title>\n<meta name=\"robots\" content=\"index, follow, max-snippet:-1, max-image-preview:large, max-video-preview:-1\" \/>\n<link rel=\"canonical\" href=\"https:\/\/cad-deb.com\/index.php\/chi-siamo\/\" \/>\n<meta property=\"og:locale\" content=\"it_IT\" \/>\n<meta property=\"og:type\" content=\"article\" \/>\n<meta property=\"og:title\" content=\"CHI SIAMO -\" \/>\n<meta property=\"og:url\" content=\"https:\/\/cad-deb.com\/index.php\/chi-siamo\/\" \/>\n<meta property=\"article:publisher\" content=\"https:\/\/www.facebook.com\/ministagesrugbyeurope\/\" \/>\n<meta property=\"article:modified_time\" content=\"2025-09-02T19:40:20+00:00\" \/>\n<meta name=\"twitter:card\" content=\"summary_large_image\" \/>\n<meta name=\"twitter:label1\" content=\"Tempo di lettura stimato\" \/>\n\t<meta name=\"twitter:data1\" content=\"1 minuto\" \/>\n<script type=\"application\/ld+json\" class=\"yoast-schema-graph\">{\"@context\":\"https:\/\/schema.org\",\"@graph\":[{\"@type\":\"WebPage\",\"@id\":\"https:\/\/cad-deb.com\/index.php\/chi-siamo\/\",\"url\":\"https:\/\/cad-deb.com\/index.php\/chi-siamo\/\",\"name\":\"CHI SIAMO -\",\"isPartOf\":{\"@id\":\"https:\/\/cad-deb.com\/#website\"},\"datePublished\":\"2019-12-13T18:34:54+00:00\",\"dateModified\":\"2025-09-02T19:40:20+00:00\",\"breadcrumb\":{\"@id\":\"https:\/\/cad-deb.com\/index.php\/chi-siamo\/#breadcrumb\"},\"inLanguage\":\"it-IT\",\"potentialAction\":[{\"@type\":\"ReadAction\",\"target\":[\"https:\/\/cad-deb.com\/index.php\/chi-siamo\/\"]}]},{\"@type\":\"BreadcrumbList\",\"@id\":\"https:\/\/cad-deb.com\/index.php\/chi-siamo\/#breadcrumb\",\"itemListElement\":[{\"@type\":\"ListItem\",\"position\":1,\"name\":\"Home\",\"item\":\"https:\/\/cad-deb.com\/\"},{\"@type\":\"ListItem\",\"position\":2,\"name\":\"CHI SIAMO\"}]},{\"@type\":\"WebSite\",\"@id\":\"https:\/\/cad-deb.com\/#website\",\"url\":\"https:\/\/cad-deb.com\/\",\"name\":\"CAD-DEB\",\"description\":\"Stage Europeo Di Rugby\",\"publisher\":{\"@id\":\"https:\/\/cad-deb.com\/#organization\"},\"potentialAction\":[{\"@type\":\"SearchAction\",\"target\":{\"@type\":\"EntryPoint\",\"urlTemplate\":\"https:\/\/cad-deb.com\/?s={search_term_string}\"},\"query-input\":{\"@type\":\"PropertyValueSpecification\",\"valueRequired\":true,\"valueName\":\"search_term_string\"}}],\"inLanguage\":\"it-IT\"},{\"@type\":\"Organization\",\"@id\":\"https:\/\/cad-deb.com\/#organization\",\"name\":\"STAGES RUGBY EUROPE\",\"url\":\"https:\/\/cad-deb.com\/\",\"logo\":{\"@type\":\"ImageObject\",\"inLanguage\":\"it-IT\",\"@id\":\"https:\/\/cad-deb.com\/#\/schema\/logo\/image\/\",\"url\":\"https:\/\/cad-deb.com\/wp-content\/uploads\/2025\/01\/LOGOCADDEB.png\",\"contentUrl\":\"https:\/\/cad-deb.com\/wp-content\/uploads\/2025\/01\/LOGOCADDEB.png\",\"width\":155,\"height\":149,\"caption\":\"STAGES RUGBY EUROPE\"},\"image\":{\"@id\":\"https:\/\/cad-deb.com\/#\/schema\/logo\/image\/\"},\"sameAs\":[\"https:\/\/www.facebook.com\/ministagesrugbyeurope\/\"]}]}<\/script>\n<!-- \/ Yoast SEO plugin. -->","yoast_head_json":{"title":"CHI SIAMO -","robots":{"index":"index","follow":"follow","max-snippet":"max-snippet:-1","max-image-preview":"max-image-preview:large","max-video-preview":"max-video-preview:-1"},"canonical":"https:\/\/cad-deb.com\/index.php\/chi-siamo\/","og_locale":"it_IT","og_type":"article","og_title":"CHI SIAMO -","og_url":"https:\/\/cad-deb.com\/index.php\/chi-siamo\/","article_publisher":"https:\/\/www.facebook.com\/ministagesrugbyeurope\/","article_modified_time":"2025-09-02T19:40:20+00:00","twitter_card":"summary_large_image","twitter_misc":{"Tempo di lettura stimato":"1 minuto"},"schema":{"@context":"https:\/\/schema.org","@graph":[{"@type":"WebPage","@id":"https:\/\/cad-deb.com\/index.php\/chi-siamo\/","url":"https:\/\/cad-deb.com\/index.php\/chi-siamo\/","name":"CHI SIAMO -","isPartOf":{"@id":"https:\/\/cad-deb.com\/#website"},"datePublished":"2019-12-13T18:34:54+00:00","dateModified":"2025-09-02T19:40:20+00:00","breadcrumb":{"@id":"https:\/\/cad-deb.com\/index.php\/chi-siamo\/#breadcrumb"},"inLanguage":"it-IT","potentialAction":[{"@type":"ReadAction","target":["https:\/\/cad-deb.com\/index.php\/chi-siamo\/"]}]},{"@type":"BreadcrumbList","@id":"https:\/\/cad-deb.com\/index.php\/chi-siamo\/#breadcrumb","itemListElement":[{"@type":"ListItem","position":1,"name":"Home","item":"https:\/\/cad-deb.com\/"},{"@type":"ListItem","position":2,"name":"CHI SIAMO"}]},{"@type":"WebSite","@id":"https:\/\/cad-deb.com\/#website","url":"https:\/\/cad-deb.com\/","name":"CAD-DEB","description":"Stage Europeo Di Rugby","publisher":{"@id":"https:\/\/cad-deb.com\/#organization"},"potentialAction":[{"@type":"SearchAction","target":{"@type":"EntryPoint","urlTemplate":"https:\/\/cad-deb.com\/?s={search_term_string}"},"query-input":{"@type":"PropertyValueSpecification","valueRequired":true,"valueName":"search_term_string"}}],"inLanguage":"it-IT"},{"@type":"Organization","@id":"https:\/\/cad-deb.com\/#organization","name":"STAGES RUGBY EUROPE","url":"https:\/\/cad-deb.com\/","logo":{"@type":"ImageObject","inLanguage":"it-IT","@id":"https:\/\/cad-deb.com\/#\/schema\/logo\/image\/","url":"https:\/\/cad-deb.com\/wp-content\/uploads\/2025\/01\/LOGOCADDEB.png","contentUrl":"https:\/\/cad-deb.com\/wp-content\/uploads\/2025\/01\/LOGOCADDEB.png","width":155,"height":149,"caption":"STAGES RUGBY EUROPE"},"image":{"@id":"https:\/\/cad-deb.com\/#\/schema\/logo\/image\/"},"sameAs":["https:\/\/www.facebook.com\/ministagesrugbyeurope\/"]}]}},"_links":{"self":[{"href":"https:\/\/cad-deb.com\/index.php\/wp-json\/wp\/v2\/pages\/2314","targetHints":{"allow":["GET"]}}],"collection":[{"href":"https:\/\/cad-deb.com\/index.php\/wp-json\/wp\/v2\/pages"}],"about":[{"href":"https:\/\/cad-deb.com\/index.php\/wp-json\/wp\/v2\/types\/page"}],"author":[{"embeddable":true,"href":"https:\/\/cad-deb.com\/index.php\/wp-json\/wp\/v2\/users\/1"}],"replies":[{"embeddable":true,"href":"https:\/\/cad-deb.com\/index.php\/wp-json\/wp\/v2\/comments?post=2314"}],"version-history":[{"count":7,"href":"https:\/\/cad-deb.com\/index.php\/wp-json\/wp\/v2\/pages\/2314\/revisions"}],"predecessor-version":[{"id":2891,"href":"https:\/\/cad-deb.com\/index.php\/wp-json\/wp\/v2\/pages\/2314\/revisions\/2891"}],"wp:attachment":[{"href":"https:\/\/cad-deb.com\/index.php\/wp-json\/wp\/v2\/media?parent=2314"}],"curies":[{"name":"wp","href":"https:\/\/api.w.org\/{rel}","templated":true}]}}