{"id":2234,"date":"2015-03-23T09:23:39","date_gmt":"2015-03-23T08:23:39","guid":{"rendered":"http:\/\/themes.muffingroup.com\/be\/sport\/?page_id=2"},"modified":"2025-09-02T21:30:59","modified_gmt":"2025-09-02T19:30:59","slug":"home-cad-deb","status":"publish","type":"page","link":"https:\/\/cad-deb.com\/","title":{"rendered":"Home Cad-Deb"},"content":{"rendered":"\n\n\n<p>Lorem Ipsum has been the industry&#8217;s standard dummy text ever since the 1500s.<\/p>\n<p>Lorem Ipsum has been the industry&#8217;s standard dummy text ever since the 1500s.<\/p>\n\n\n\n<h1><strong style=\"color: rgb(35, 54, 108);\">2005-2025 Lo Stage Cad-Deb compie 20 anni!<\/strong><\/h1>\n\n<span style=\"color:#000000;\"><p style=\"text-align: justify;\">Nell&#8217;ormai lontano 2005, <strong>CAD-DEB<\/strong> nasce dall&#8217;incontro di un gruppo di amici, educatori provenienti da diversi paesi della comunit\u00e0 europea: Francia, Italia, Belgio, Spagna, Svizzera, Germania ed Inghilterra che hanno deciso di mettere in comune le loro esperienze e la ricchezza delle loro culture al servizio di un gioco che \u00e8 anche la passione comune: il<strong> RUGBY<\/strong><\/p><p style=\"text-align: justify;\"><strong>CAD-DEB<\/strong> si traduce in &#8220;mandare a vuoto il difensore&#8221;, uscire dal frontale, ed \u00e8 la volont\u00e0 profonda di giocare sulla novit\u00e0, di andare contro corrente, di rivoluzionare un gioco attraverso un&#8217;azione sorprendente.<\/p><p style=\"text-align: justify;\">Da tutto ci\u00f2 nasce <strong>STAGE RUGBY<\/strong>, giunto ormai alla <strong>20ma<\/strong> edizione, ed i <strong><a href=\"https:\/\/cad-deb.com\/index.php\/mini-stage-2\/\">Mini Stage di Gioco al Piede, Mischia e Skills<\/a><\/strong>.<\/p><p style=\"text-align: justify;\"><br>Pi\u00f9 di <strong>6000 atleti<\/strong> hanno ad oggi partecipato agli stage estivi ed ai mini stage.<strong><br>Dal 2022 <\/strong>proponiamo con grande successo anche la versione <strong>KIDS<\/strong> per i pi\u00f9 giovani che avranno la possibilit\u00e0 di essere accompagnati da un operatore della societ\u00e0 di appartenenza che avr\u00e0 la possibilit\u00e0 di affiancare i nostri collaboratori sul campo.<\/p><p style=\"text-align: justify;\"><strong>CAD-DEB<\/strong> rappresenta per noi una sfida fatta di gioia, di passione e di confronto. Questo ci porta ad essere sempre aperti a nuove idee, proposte e iniziative che vi invitiamo ad esporci, unitamente alle Vostre impressioni e i Vostri progetti.<\/p><p style=\"text-align: justify;\">STAGE RUGBY, una proposta ampia, articolata e rivolta a tutti gli appassionati di rugby!<\/p><\/span><p style=\"text-align: justify;\"><\/p>\n<h1><strong style=\"color: rgb(35, 54, 108);\">E adesso&#8230; Continua con l&#8217;edizione 2026!<\/strong><\/h1>\n\n\n\n\n\n\n<p>Lorem Ipsum has been the industry&#8217;s standard dummy text ever since the 1500s.<\/p>\n\n\n<p>Lorem Ipsum has been the industry&#8217;s standard dummy text ever since the 1500s.<\/p>\n\n\n<p>Lorem Ipsum has been the industry&#8217;s standard dummy text ever since the 1500s.<\/p>\n\n\n\n\n\n\n\n\n<p>Lorem Ipsum has been the industry&#8217;s standard dummy text ever since the 1500s.<\/p>\n\n\n\n<h2><strong style=\"color: rgb(239, 127, 26);\">Lavarone, la location degli Stage<\/strong><\/h2>\n\n<span style=\"color:#23366C;\"><p style=\"text-align: justify;\">L&#8217;altopiano si trova ad un&#8217;altitudine media di 1000 metri nel Trentino meridionale, tra la Sella di Carbonare ed il Passo Vezzena e appartiene alla Magnifica Comunit\u00e0 degli Altipiani Cimbri.<br>A 1080 metri s.l.m. sorge il Lago di Lavarone, uno dei pi\u00f9 antichi laghi dell&#8217;arco alpino e che custodisce i reperti fossili di un&#8217;antico bosco di abeti.<br>Luogo di grande interesse strategico durante il primo conflitto mondiale, fa parte oggi del Cammino della Pace, che ricalca tutto il fronte del conflitto che ha visto opporsi trentini e kaiserjaeger.<\/p><\/span><p style=\"text-align: justify;\"><\/p>\n<p>Lorem Ipsum has been the industry&#8217;s standard dummy text ever since the 1500s.<\/p>\n\n\n\n\n\n\n\n\n\n\n\n\n\n\n<h4 [object NamedNodeMap]><span style=\"font-weight: bolder; color: rgb(0, 41, 102);\"><em style=\"color: rgb(255, 255, 255);\">Jean Luc Sans<br>LA MALEDIZIONE OVALE<\/em><\/span><\/h4>\n\n\n<p [object NamedNodeMap]><em style=\"color: rgb(255, 255, 255);\">&#8220;&#8230; La vita somiglia ad un pallone da rugby, non sai mai come rimbalzer\u00e0.&#8221;<\/em><\/p>\n\n<p style=\"color: rgb(255, 255, 255);\"><span style=\"line-height:1.5;\">Un\u2019avventura, un mistero che viene da molto lontano, sullo sfondo di una<br> provincia francese splendidamente raccontata da Jean Luc Sans<\/span>.<\/p>\n\n\n<p>Lorem Ipsum has been the industry&#8217;s standard dummy text ever since the 1500s.<\/p>\n\n\n\n<p>Lorem Ipsum has been the industry&#8217;s standard dummy text ever since the 1500s.<\/p>\n\n\n\n\n<h4><font color=\"#002966\"><span style=\"font-weight: bolder;\"><em style=\"color: rgb(255, 255, 255);\">Jean Luc Sans<br>LA MAL\u00c9DICTION OVALE<\/em><\/span><\/font><\/h4>\n\n\n<p [object NamedNodeMap]><em style=\"color: rgb(255, 255, 255);\">&#8220;La vie ressemble \u00e0 un ballon de rugby, tu ne sais jamais o\u00f9 te portera ses rebonds.&#8221;<\/em><\/p>\n\n<p style=\"color: rgb(255, 255, 255);\">Une aventure, un myst\u00e8re qui vient de tr\u00e8s loin, dans l\u2019ambiance d\u2019une province&nbsp;fran\u00e7aise, merveilleusement racont\u00e9e par Jean Luc Sans.<\/p>\n\n\n\n\n\n\n\n\n<p>Lorem Ipsum has been the industry&#8217;s standard dummy text ever since the 1500s.<\/p>\n\n\n\n<h2><strong style=\"color: rgb(35, 54, 108);\">La T-Shirt di TENNESSE<\/strong><\/h2>\n\n<p style=\"color: rgb(35, 54, 108); text-align: justify;\"><strong style=\"font-size: large;\">Chi conosce gli STAGE Cad-Deb sa che i ragazzi ricevono numerosi omaggi, tra i quali una speciale T-Shirt e non pu\u00f2 non aver conosciuto un personaggio davvero caratteristico: il nostro Vice-Allenatore TENNESSE!\nQuest\u2019anno il protagonista della T-Shirt \u00e8 proprio lui, con il suo sguardo attento ed intelligente mentre osserva i nostri e vostri atleti che si allenano sul campo.\nVisto il grande successo delle nostre T-shirt e l\u2019eleganza del soggetto, abbiamo deciso di darvi la possibilit\u00e0 di acquistare la T-shirt di Tennesse ad un prezzo davvero speciale.\nScaricate il modulo d&#8217;ordine e scoprite la nostra strepitosa offerta!\nVi baster\u00e0 compilarlo ed inviare il tutto a  <a href=\"mailto:jlsans@gmail.com\">jlsans87@gmail.com<\/a><\/strong><\/p>\n\n\n\n\n\n","protected":false},"excerpt":{"rendered":"","protected":false},"author":1,"featured_media":0,"parent":0,"menu_order":0,"comment_status":"closed","ping_status":"closed","template":"","meta":{"pagelayer_contact_templates":[],"_pagelayer_content":"","footnotes":""},"class_list":["post-2234","page","type-page","status-publish","hentry"],"yoast_head":"<!-- This site is optimized with the Yoast SEO plugin v24.2 - https:\/\/yoast.com\/wordpress\/plugins\/seo\/ -->\n<title>Home Cad-Deb -<\/title>\n<meta name=\"description\" content=\"stage, rugby, Italia, Francia, skills, mischia, gioco al piede, Jean Luc Sans, Lavarone, Trentino, Trento, Altopiano di Lavarone\" \/>\n<meta name=\"robots\" content=\"index, follow, max-snippet:-1, max-image-preview:large, max-video-preview:-1\" \/>\n<link rel=\"canonical\" href=\"https:\/\/cad-deb.com\/\" \/>\n<meta property=\"og:locale\" content=\"it_IT\" \/>\n<meta property=\"og:type\" content=\"article\" \/>\n<meta property=\"og:title\" content=\"Home Cad-Deb -\" \/>\n<meta property=\"og:description\" content=\"stage, rugby, Italia, Francia, skills, mischia, gioco al piede, Jean Luc Sans, Lavarone, Trentino, Trento, Altopiano di Lavarone\" \/>\n<meta property=\"og:url\" content=\"https:\/\/cad-deb.com\/\" \/>\n<meta property=\"article:publisher\" content=\"https:\/\/www.facebook.com\/ministagesrugbyeurope\/\" \/>\n<meta property=\"article:modified_time\" content=\"2025-09-02T19:30:59+00:00\" \/>\n<meta name=\"twitter:card\" content=\"summary_large_image\" \/>\n<meta name=\"twitter:label1\" content=\"Tempo di lettura stimato\" \/>\n\t<meta name=\"twitter:data1\" content=\"3 minuti\" \/>\n<script type=\"application\/ld+json\" class=\"yoast-schema-graph\">{\"@context\":\"https:\/\/schema.org\",\"@graph\":[{\"@type\":\"WebPage\",\"@id\":\"https:\/\/cad-deb.com\/\",\"url\":\"https:\/\/cad-deb.com\/\",\"name\":\"Home Cad-Deb -\",\"isPartOf\":{\"@id\":\"https:\/\/cad-deb.com\/#website\"},\"datePublished\":\"2015-03-23T08:23:39+00:00\",\"dateModified\":\"2025-09-02T19:30:59+00:00\",\"description\":\"stage, rugby, Italia, Francia, skills, mischia, gioco al piede, Jean Luc Sans, Lavarone, Trentino, Trento, Altopiano di Lavarone\",\"breadcrumb\":{\"@id\":\"https:\/\/cad-deb.com\/#breadcrumb\"},\"inLanguage\":\"it-IT\",\"potentialAction\":[{\"@type\":\"ReadAction\",\"target\":[\"https:\/\/cad-deb.com\/\"]}]},{\"@type\":\"BreadcrumbList\",\"@id\":\"https:\/\/cad-deb.com\/#breadcrumb\",\"itemListElement\":[{\"@type\":\"ListItem\",\"position\":1,\"name\":\"Home\",\"item\":\"https:\/\/cad-deb.com\/\"},{\"@type\":\"ListItem\",\"position\":2,\"name\":\"Home Cad-Deb\"}]},{\"@type\":\"WebSite\",\"@id\":\"https:\/\/cad-deb.com\/#website\",\"url\":\"https:\/\/cad-deb.com\/\",\"name\":\"CAD-DEB\",\"description\":\"Stage Europeo Di Rugby\",\"publisher\":{\"@id\":\"https:\/\/cad-deb.com\/#organization\"},\"potentialAction\":[{\"@type\":\"SearchAction\",\"target\":{\"@type\":\"EntryPoint\",\"urlTemplate\":\"https:\/\/cad-deb.com\/?s={search_term_string}\"},\"query-input\":{\"@type\":\"PropertyValueSpecification\",\"valueRequired\":true,\"valueName\":\"search_term_string\"}}],\"inLanguage\":\"it-IT\"},{\"@type\":\"Organization\",\"@id\":\"https:\/\/cad-deb.com\/#organization\",\"name\":\"STAGES RUGBY EUROPE\",\"url\":\"https:\/\/cad-deb.com\/\",\"logo\":{\"@type\":\"ImageObject\",\"inLanguage\":\"it-IT\",\"@id\":\"https:\/\/cad-deb.com\/#\/schema\/logo\/image\/\",\"url\":\"https:\/\/cad-deb.com\/wp-content\/uploads\/2025\/01\/LOGOCADDEB.png\",\"contentUrl\":\"https:\/\/cad-deb.com\/wp-content\/uploads\/2025\/01\/LOGOCADDEB.png\",\"width\":155,\"height\":149,\"caption\":\"STAGES RUGBY EUROPE\"},\"image\":{\"@id\":\"https:\/\/cad-deb.com\/#\/schema\/logo\/image\/\"},\"sameAs\":[\"https:\/\/www.facebook.com\/ministagesrugbyeurope\/\"]}]}<\/script>\n<!-- \/ Yoast SEO plugin. -->","yoast_head_json":{"title":"Home Cad-Deb -","description":"stage, rugby, Italia, Francia, skills, mischia, gioco al piede, Jean Luc Sans, Lavarone, Trentino, Trento, Altopiano di Lavarone","robots":{"index":"index","follow":"follow","max-snippet":"max-snippet:-1","max-image-preview":"max-image-preview:large","max-video-preview":"max-video-preview:-1"},"canonical":"https:\/\/cad-deb.com\/","og_locale":"it_IT","og_type":"article","og_title":"Home Cad-Deb -","og_description":"stage, rugby, Italia, Francia, skills, mischia, gioco al piede, Jean Luc Sans, Lavarone, Trentino, Trento, Altopiano di Lavarone","og_url":"https:\/\/cad-deb.com\/","article_publisher":"https:\/\/www.facebook.com\/ministagesrugbyeurope\/","article_modified_time":"2025-09-02T19:30:59+00:00","twitter_card":"summary_large_image","twitter_misc":{"Tempo di lettura stimato":"3 minuti"},"schema":{"@context":"https:\/\/schema.org","@graph":[{"@type":"WebPage","@id":"https:\/\/cad-deb.com\/","url":"https:\/\/cad-deb.com\/","name":"Home Cad-Deb -","isPartOf":{"@id":"https:\/\/cad-deb.com\/#website"},"datePublished":"2015-03-23T08:23:39+00:00","dateModified":"2025-09-02T19:30:59+00:00","description":"stage, rugby, Italia, Francia, skills, mischia, gioco al piede, Jean Luc Sans, Lavarone, Trentino, Trento, Altopiano di Lavarone","breadcrumb":{"@id":"https:\/\/cad-deb.com\/#breadcrumb"},"inLanguage":"it-IT","potentialAction":[{"@type":"ReadAction","target":["https:\/\/cad-deb.com\/"]}]},{"@type":"BreadcrumbList","@id":"https:\/\/cad-deb.com\/#breadcrumb","itemListElement":[{"@type":"ListItem","position":1,"name":"Home","item":"https:\/\/cad-deb.com\/"},{"@type":"ListItem","position":2,"name":"Home Cad-Deb"}]},{"@type":"WebSite","@id":"https:\/\/cad-deb.com\/#website","url":"https:\/\/cad-deb.com\/","name":"CAD-DEB","description":"Stage Europeo Di Rugby","publisher":{"@id":"https:\/\/cad-deb.com\/#organization"},"potentialAction":[{"@type":"SearchAction","target":{"@type":"EntryPoint","urlTemplate":"https:\/\/cad-deb.com\/?s={search_term_string}"},"query-input":{"@type":"PropertyValueSpecification","valueRequired":true,"valueName":"search_term_string"}}],"inLanguage":"it-IT"},{"@type":"Organization","@id":"https:\/\/cad-deb.com\/#organization","name":"STAGES RUGBY EUROPE","url":"https:\/\/cad-deb.com\/","logo":{"@type":"ImageObject","inLanguage":"it-IT","@id":"https:\/\/cad-deb.com\/#\/schema\/logo\/image\/","url":"https:\/\/cad-deb.com\/wp-content\/uploads\/2025\/01\/LOGOCADDEB.png","contentUrl":"https:\/\/cad-deb.com\/wp-content\/uploads\/2025\/01\/LOGOCADDEB.png","width":155,"height":149,"caption":"STAGES RUGBY EUROPE"},"image":{"@id":"https:\/\/cad-deb.com\/#\/schema\/logo\/image\/"},"sameAs":["https:\/\/www.facebook.com\/ministagesrugbyeurope\/"]}]}},"_links":{"self":[{"href":"https:\/\/cad-deb.com\/index.php\/wp-json\/wp\/v2\/pages\/2234","targetHints":{"allow":["GET"]}}],"collection":[{"href":"https:\/\/cad-deb.com\/index.php\/wp-json\/wp\/v2\/pages"}],"about":[{"href":"https:\/\/cad-deb.com\/index.php\/wp-json\/wp\/v2\/types\/page"}],"author":[{"embeddable":true,"href":"https:\/\/cad-deb.com\/index.php\/wp-json\/wp\/v2\/users\/1"}],"replies":[{"embeddable":true,"href":"https:\/\/cad-deb.com\/index.php\/wp-json\/wp\/v2\/comments?post=2234"}],"version-history":[{"count":27,"href":"https:\/\/cad-deb.com\/index.php\/wp-json\/wp\/v2\/pages\/2234\/revisions"}],"predecessor-version":[{"id":2882,"href":"https:\/\/cad-deb.com\/index.php\/wp-json\/wp\/v2\/pages\/2234\/revisions\/2882"}],"wp:attachment":[{"href":"https:\/\/cad-deb.com\/index.php\/wp-json\/wp\/v2\/media?parent=2234"}],"curies":[{"name":"wp","href":"https:\/\/api.w.org\/{rel}","templated":true}]}}